hat is c(a)?
14
Let h be (27/18)/(1/2). Let c(d) = 7*d - 8. Let b be c(h). Suppose -2 = 5*w + 4*x - b, 3*w = x + 10. Let p(f) = f**3 - 3*f**2 + 3*f - 2. Calculate p(w).
7
Let p = -27 - -30. Let t(i) = 5 + 5*i + 4*i - i**3 - 8*i - p*i**2 - 3*i**2. Let d = 3 + -9. Calculate t(d).
-1
Let a(s) = s**2 + 9*s + 6. Let r(i) = -i**2 + 2*i + 3. Let m be r(5). Let x be 97 + -88 + -8 + 1. Let o be m/(-4) + -9 + x. Calculate a(o).
-14
Let o(s) = 7*s - 3. Let k(q) = 3*q**2 - 124*q + 42. Let v be k(41). Determine o(v).
4
Let a(q) be the first derivative of 4*q - 67*q**2 + 3*q + 68*q**2 + 8. Give a(-6).
-5
Let x(a) = -2*a**2 + 4*a + 27. Let h(b) = b**2 - 13. Let m(k) = 5*h(k) + 2*x(k). Calculate m(-8).
-11
Suppose 2*r + r + 21 = 4*m, 0 = -3*m + 9. Let x = -38 - -74. Let g(c) = 1 - 2 + 2*c + 4 - x*c**2 + 32*c**2 - c**3. What is g(r)?
-12
Suppose c - 11 + 15 = 0. Let w(k) = -k**3 - 2*k**2 + 6*k + 2. Determine w(c).
10
Let p(j) = -3*j + 1. Let y = -24 - -25. Let n be -2*(-2)/4 + -1. Suppose n = -3*m + 2 + y. What is p(m)?
-2
Let x(z) = -z + 5 - 1 - 5 + z**2 + 2*z. Calculate x(-3).
5
Let f(n) = -n**2 + 6*n. Let c(y) = y**2 - 6*y + 1. Let m(z) = -5*c(z) - 6*f(z). Calculate m(6).
-5
Let s(v) be the second derivative of -28*v + 0 - 4*v**2 + 1/20*v**5 - 1/3*v**3 + 7/12*v**4. Calculate s(-7).
6
Let n(h) = 9*h + 3. Let u be 6/9*(-2 + -1). Determine n(u).
-15
Let i(z) = -1 + 0*z - z**2 - z**3 + 2*z - z. Suppose 57*k + 4*g + 26 = 54*k, 3*k + 5*g + 31 = 0. Calculate i(k).
1
Let f = 2 + -3. Let m(i) = 3*i**2 - 4*i + 0*i**2 + 6*i - 1930 + 20*i**3 - 2*i**2 + 1931. Calculate m(f).
-20
Let y(q) be the third derivative of -q**3 + 1/8*q**4 - 8*q**2 + 0*q + 0. Calculate y(6).
12
Let r(g) = -g**3 - g**2 + 3*g + 1. Let x be r(-2). Let b = x - 1. Let k(z) = 2*z**2 - 1 + 155*z - 155*z. Calculate k(b).
7
Let v(k) = k**3 - 4*k**2 - 4*k. Let y(f) = 4*f**3 + f**2 - 4*f + 4. Let n be y(1). Calculate v(n).
5
Suppose 0 = 5*m - 102 + 67. Let p(z) = 222 - 6*z**2 - z**3 + 0*z**3 - m*z - 229. What is p(-5)?
3
Let k(y) = -47 - 44 - 46 - 2*y**2 + 138 + 5*y. Give k(3).
-2
Let q(r) = 7*r**2 + 4*r - 8. Let m be (-5 + (-246)/(-42))/((-2)/14). Let l(h) = 6*h**2 + 4*h - 7. Let c(t) = m*l(t) + 5*q(t). Determine c(-5).
-3
Suppose 36 = 14*p + 4*p. Let m be (-1)/p*(-12 - -12). Let b(o) = o + 8. Give b(m).
8
Let u(p) = -7*p**2 + 2*p + 2. Let w(f) = 266*f**2 - 77*f - 77. Let t(a) = 77*u(a) + 2*w(a). What is t(-1)?
-7
Let o be ((-17)/(-5))/(3/15). Let s = 21 - o. Let i(z) be the third derivative of -z**5/60 + z**4/6 - z**3 - 4*z**2. Give i(s).
-6
Suppose 0 = 2*b + b + 2*i - 4, -3*b + 10 = -4*i. Suppose b - 26 = 6*t. Let q(c) = -c**2 + 3 + 3 - 2 - 2*c. What is q(t)?
-4
Let h be 110/(-44)*(1 + -3). Suppose h = -o - 4*i - 0, 4*o = 4*i. Let c(d) = 4*d - 1. Calculate c(o).
-5
Let s(n) = -9508*n**3 + 7 + 8*n + 9509*n**3 - 2*n**2 - 5*n**2 - 2. Calculate s(5).
-5
Let n(z) = z**2 - z + 1. Let h(d) = 3*d - 2. Let q be h(2). Let i be -3 - 12/(-16)*q. Determine n(i).
1
Let r(m) = 106 - 228 + 3*m + 118. Calculate r(-1).
-7
Suppose 5*x = 5 + 25. Let t(w) = 3 + 8*w - x + 2 - 26*w. Let o(v) = v**3 - 2*v**2 - 8*v - 1. Let f be o(4). Determine t(f).
17
Let c(p) = -99*p**2 + 217*p**2 + 3 - 117*p**2. Let l(v) = -v**2 + v. Let z be l(1). Determine c(z).
3
Let u(q) = 6*q**2 + 19*q + 14. Let w(t) = -34*t**2 - 96*t - 70. Let o(s) = 11*u(s) + 2*w(s). Calculate o(9).
5
Let f(i) = -i**3 + 3*i**2 + 4*i - 3. Let b be f(4). Let v = -13 + 88. Let w(u) = -u**2 - 37 - 41 + v - u. Calculate w(b).
-9
Let r = 11 - 8. Suppose -g + 3 = -5*n, r*n - 6*n - 12 = -4*g. Let z(t) = -t + 3*t + 3 - 6*t + g*t. Calculate z(6).
-3
Let d(b) be the first derivative of b**6/360 + b**5/12 + b**4/8 + 14*b**3/3 - 2. Let f(v) be the third derivative of d(v). Determine f(-7).
-18
Let w(r) = r**2 + r + 7. Let y(n) = 4*n**2 + 3*n + 20. Let v(j) = -4*j + 25. Let o be v(8). Let z(c) = o*w(c) + 2*y(c). Calculate z(0).
-9
Let m = 33 - 28. Let u(q) = 3*q + m - 4 - q - 3. Determine u(5).
8
Let d(g) = -g. Let x(a) = -a**2 + 12*a + 16. Let m be x(13). Let v(w) = 12*w + 2. Let t(b) = m*d(b) + v(b). Calculate t(-2).
-16
Suppose -2*b - 4*r - 6 + 22 = 0, 19 = 4*b - 5*r. Suppose 3*p = b*p + 33. Let u = 7 + p. Let o(c) = -c + 1. Give o(u).
5
Let y(b) be the first derivative of -1/3*b**3 - 1 - b**2 + 3*b. Suppose -4*r = -6 + 22. What is y(r)?
-5
Let s(f) = -34*f - 1. Let m(y) = y**2 + 25*y - 307. Let n be m(-34). Determine s(n).
33
Suppose 3*t + 3*o - 30 = 0, 2*o = -3*t - 23 + 55. Let l = 15 - t. Suppose 0 = 2*f + l - 1. Let s(u) = 2*u**3. Give s(f).
-2
Let v be (5 + 0)*2/5. Let i(q) = -4*q**2 + q + 6*q**2 - 1 + 0*q**v. Give i(2).
9
Suppose 2*g = -4*x + 4, 0 = 2*x + 2*x - 12. Let j(z) = 5*z - 2. Determine j(g).
-22
Let q(t) = -15*t + 34*t - 13*t + 0 - 7*t - 7. Let y be (-2)/(-2)*0 - -14. Suppose -3*h - 5*o = 15, 5*o + 6 = -4*h - y. Calculate q(h).
-2
Let p = -5 + 9. Suppose -x + 6 = 3*u - u, -5*x - 12 = -p*u. Let j(d) = 2*d**3 + 3*d**2 + 0*d**3 + 3*d**2 - u*d**3. Give j(6).
0
Suppose -23 = -3*n + 31. Suppose 4*s + n = -2. Let y(i) = i**3 + 4*i**3 + 3*i - 4*i**2 - 4 - 6*i**3. Give y(s).
6
Let r(j) = j**2 + 15*j - 61. Suppose 38 = -3*t + 4*f, 22*f = -5*t + 18*f - 106. Give r(t).
-7
Let c(m) = -6*m**3 + 11*m**2 - 4*m + 10. Let d(x) = 5*x**3 - 10*x**2 + 3*x - 8. Let p(j) = -4*c(j) - 5*d(j). Give p(3).
30
Let q(f) = -f**3 + f**2 + 5*f + 8. Let c be q(0). Let k(u) = -u + 3. What is k(c)?
-5
Let v(z) = -z**3 - 4*z**2 + z - 3. Let a be -1*(-2)/(-4) + (-220)/(-8). Let f = a - 31. Give v(f).
-7
Let a = -1292 + 1279. Let w(r) = -r**3 - 14*r**2 - 13*r - 17. Give w(a).
-17
Let j(q) = q**3 - 2*q - 1. Let t be (44/(-8) + 6)/((-3)/6). What is j(t)?
0
Let j be (-7 - -6) + 1 + 1. Let h(y) = -2*y**3 + y**2 - 3*y + 3. Calculate h(j).
-1
Let v = -22 + 52. Suppose 7*p - v = p. Suppose p*a - 4*k = -6 + 24, k - 21 = -3*a. Let u(g) = -2*g + 8. Calculate u(a).
-4
Let q(z) = 10*z + 19. Let y(o) = -3*o - 1. Let w(p) = -q(p) - 5*y(p). Determine w(-6).
-44
Suppose -q + 0*q = 0. Let y(i) = -2*i - 1. Let x be y(-3). Let k(l) = l + 6 - 2*l**2 + x*l**2 - 4*l**2. What is k(q)?
6
Let f(m) = -m**3 - 6*m**2 + 8*m + 15. Let c be f(-7). Let k(r) = r**3 - c + 5*r**2 + 0 + 1 + 0 - 2*r. What is k(-5)?
3
Let q(z) = 3 + 4 + 9*z**3 - 7*z**2 + 4 - 20*z - 8*z**3. Let x be q(9). Let k(s) = s**3 + 8*s**2 + 8*s + 5. Give k(x).
-2
Suppose 3*p + 0*q + 2*q = -5, 2*p + q = -4. Let k be -1 + (45/3 - 3). Let s(h) = 8*h**2. Let c(v) = 3*v**2. Let j(r) = k*c(r) - 4*s(r). Calculate j(p).
9
Let d be ((-5)/10)/((-2)/32). Let i(v) be the second derivative of v**4/12 - 3*v**3/2 + 11*v**2/2 + 29*v. Calculate i(d).
3
Let g(w) = w**2 - w - 41. Suppose 3*c + 10 = 2*l, 2*c + 27*l - 22*l = 25. Determine g(c).
-41
Suppose -4*r + 2*x + 102 = 0, -r + 2*r + 5*x - 42 = 0. Let v = r - 16. Let h(m) = 1 + 1 + 10*m - v*m + 2*m**2. What is h(2)?
8
Let w(i) = -3*i**2 + 2. Let k(d) = -47 + d + 47. Let q(a) = 2*k(a) + w(a). What is q(2)?
-6
Let w(y) = -47*y + y**3 + 3*y**2 + 52*y - 9*y**2 - 4. Let r = 11 - 6. What is w(r)?
-4
Let f(k) be the third derivative of -1/360*k**6 + 7*k**2 + 0*k**3 + 0 - 1/60*k**5 + 7/24*k**4 + 0*k. Let r(x) be the second derivative of f(x). Calculate r(-4).
6
Let z(l) = l**2 - 8. Suppose -8 = -4*j, -8 = -11*p + 10*p - 4*j. Determine z(p).
-8
Let m(z) = -z**3 + 9*z**2 - 6*z - 17. Let k = 695 - 687. What is m(k)?
-1
Let z(h) be the third derivative of h**5/60 + 5*h**4/24 - h**3/6 + h**2. Let g(x) = -x**3 + 8*x**2 + 6*x - 54. Let l be g(8). Determine z(l).
5
Let l = -2080 - -2085. Let v(c) = 7 - 8*c + 0*c**2 + 2*c + c**2. Give v(l).
2
Let i = -7 + 3. Let s be 5*(i + 6 + -1). Let v(w) = 3 + w + s - 7. Calculate v(-5).
-4
Let p(f) = -4. Let b(w) = -4*w + 14. Let h(a) = b(a) + 4*p(a). Determine h(4).
-18
Let a be 3/(-1 - (-11)/8). Let q be (a/(-14))/(4/(-14)). Let y(k) = k**2 - 3*k + 2. Calculate y(q).
0
Let i(g) be the first derivative of g**2 + 5*g - 10. Let f(j) = -j - 1. Let a(m) = -f(m) - i(m). What is a(-4)?
0
Let t(k) = -3 - 4 - k**3 + 9 - 5*k**2 - 22 - 5*k**2 - 18*k. What is t(-8)?
-4
Let k(l) = -l + 7. Suppose 0 = -6*q - 246 - 24. Let n = -39 - q. Give k(n).
1
Let p(w) = -w + 11. Let z(i) = 0*i + 6*i - 29 - 21 - i. Let t be z(11). Determine p(t).
6
Suppose 0 = -o + 4*c + 4, -2*c = -3*o - 0*c + 12. Let k(u) = 2*u**2 - 8*u + 9. Let